actor of 466?
False
Is 36 a factor of 6264?
True
Does 11 divide 6720?
False
Is 8 a factor of 22456?
True
Is 13 a factor of 3528?
False
Is 20 a factor of 2736?
False
Is 72 a multiple of 24?
True
Is 225 a multiple of 3?
True
Does 6 divide 275?
False
Is 4233 a multiple of 83?
True
Does 126 divide 33694?
False
Is 427 a factor of 98087?
False
Does 6 divide 402?
True
Is 1328 a multiple of 10?
False
Is 3 a factor of 19383?
True
Does 10 divide 1380?
True
Is 178 a multiple of 3?
False
Is 141 a factor of 4371?
True
Is 922 a multiple of 22?
False
Is 21008 a multiple of 230?
False
Does 105 divide 77385?
True
Does 6 divide 5805?
False
Is 12 a factor of 4016?
False
Is 1004 a multiple of 28?
False
Is 37 a factor of 163?
False
Does 17 divide 2426?
False
Is 3 a factor of 6?
True
Is 19710 a multiple of 27?
True
Does 165 divide 165?
True
Is 5 a factor of 810?
True
Does 10 divide 2791?
False
Does 39 divide 2337?
False
Is 6 a factor of 2682?
True
Is 36 a factor of 766?
False
Is 96 a factor of 2270?
False
Is 6 a factor of 3984?
True
Is 18879 a multiple of 87?
True
Is 1843 a multiple of 55?
False
Is 60 a multiple of 30?
True
Is 16 a factor of 6128?
True
Does 38 divide 4887?
False
Is 12 a factor of 28?
False
Is 3 a factor of 3465?
True
Is 1666 a multiple of 17?
True
Is 104 a multiple of 13?
True
Is 390 a multiple of 13?
True
Is 6 a factor of 1008?
True
Is 24 a factor of 11220?
False
Does 97 divide 3201?
True
Is 8 a factor of 1117?
False
Is 4032 a multiple of 12?
True
Is 744 a multiple of 10?
False
Is 16 a factor of 64?
True
Is 15 a factor of 2220?
True
Is 35 a factor of 3045?
True
Is 110252 a multiple of 79?
False
Does 37 divide 4297?
False
Does 13 divide 653?
False
Is 58535 a multiple of 143?
False
Is 8 a multiple of 5?
False
Is 282 a multiple of 5?
False
Does 6 divide 696?
True
Is 11 a factor of 4442?
False
Does 17 divide 2267?
False
Does 29 divide 42079?
True
Does 129 divide 5349?
False
Is 3480 a multiple of 40?
True
Does 31 divide 6841?
False
Does 38 divide 2318?
True
Is 17 a factor of 595?
True
Is 126585 a multiple of 435?
True
Is 5 a factor of 2270?
True
Is 25 a factor of 8610?
False
Is 3696 a multiple of 13?
False
Is 17486 a multiple of 14?
True
Does 13 divide 14989?
True
Is 22 a factor of 2468?
False
Is 8 a factor of 4696?
True
Is 29323 a multiple of 128?
False
Is 5808 a multiple of 44?
True
Is 895 a multiple of 96?
False
Is 8 a factor of 49431?
False
Does 11 divide 13?
False
Does 34 divide 53924?
True
Does 10 divide 805?
False
Does 98 divide 6468?
True
Is 16 a factor of 919?
False
Is 130620 a multiple of 28?
True
Is 372 a multiple of 37?
False
Is 3870 a multiple of 30?
True
Does 32 divide 837?
False
Does 26 divide 5746?
True
Does 23 divide 52121?
False
Is 845 a multiple of 5?
True
Is 15 a factor of 29?
False
Is 5 a factor of 440?
True
Does 54 divide 7074?
True
Does 15 divide 1170?
True
Is 3152 a multiple of 16?
True
Is 5 a factor of 43?
False
Is 253 a multiple of 12?
False
Is 17032 a multiple of 13?
False
Is 18208 a multiple of 34?
False
Is 16 a factor of 464?
True
Does 40 divide 200?
True
Is 12 a factor of 5928?
True
Is 5 a factor of 324?
False
Is 29858 a multiple of 70?
False
Is 4593 a multiple of 205?
False
Does 84 divide 840?
True
Is 171 a factor of 5130?
True
Is 20700 a multiple of 300?
True
Is 29481 a multiple of 13?
False
Does 13 divide 22009?
True
Is 1587 a multiple of 23?
True
Does 88 divide 2904?
True
Is 20 a factor of 20?
True
Is 615 a multiple of 15?
True
Is 25 a factor of 3000?
True
Is 60 a factor of 1364?
False
Does 139 divide 4587?
True
Does 6 divide 24744?
True
Is 1752 a multiple of 8?
True
Does 8 divide 16872?
True
Is 10518 a multiple of 99?
False
Does 32 divide 576?
True
Is 2 a factor of 3766?
True
Is 26 a factor of 56422?
False
Is 49 a factor of 24108?
True
Is 46 a factor of 429?
False
Is 29 a factor of 21228?
True
Is 19 a factor of 19841?
False
Is 102 a factor of 2958?
True
Is 7 a factor of 2114?
True
Is 296 a multiple of 74?
True
Is 15826 a multiple of 32?
False
Is 2 a factor of 187?
False
Is 982 a multiple of 47?
False
Is 4286 a multiple of 4?
False
Is 2 a factor of 885?
False
Does 16 divide 493?
False
Is 348 a factor of 42456?
True
Is 9 a factor of 2712?
False
Does 3 divide 6019?
False
Does 58 divide 6668?
False
Is 341 a multiple of 31?
True
Does 202 divide 5883?
False
Does 14 divide 644?
True
Is 1354 a multiple of 27?
False
Does 62 divide 930?
True
Does 7 divide 294?
True
Is 215 a multiple of 8?
False
Is 50 a factor of 13724?
False
Is 103 a factor of 1552?
False
Is 118 a factor of 45246?
False
Does 26 divide 572?
True
Is 173 a factor of 1915?
False
Does 10 divide 1830?
True
Is 424 a multiple of 45?
False
Is 41 a factor of 910?
False
Is 414 a multiple of 69?
True
Does 38 divide 5993?
False
Does 27 divide 2896?
False
Does 36 divide 40937?
False
Is 750 a multiple of 50?
True
Is 3420 a multiple of 57?
True
Is 309 a multiple of 18?
False
Is 59148 a multiple of 93?
True
Is 6 a factor of 1158?
True
Is 504 a multiple of 126?
True
Is 7 a factor of 112?
True
Is 159 a factor of 44520?
True
Is 528 a multiple of 22?
True
Is 60 a factor of 11160?
True
Is 23 a multiple of 3?
False
Does 50 divide 5950?
True
Does 14 divide 742?
True
Is 18 a factor of 19746?
True
Is 45 a factor of 3506?
False
Is 45 a factor of 388?
False
Does 23 divide 13087?
True
Does 48 divide 1104?
True
Is 216 a multiple of 54?
True
Is 29 a factor of 1763?
False
Is 20 a factor of 1100?
True
Is 6424 a multiple of 292?
True
Is 25424 a multiple of 112?
True
Is 167452 a multiple of 30?
False
Is 38 a factor of 1938?
True
Is 13650 a multiple of 50?
True
Does 219 divide 472?
False
Is 11519 a multiple of 43?
False
Does 78 divide 2184?
True
Is 240 a multiple of 3?
True
Does 96 divide 8544?
True
Is 41 a factor of 123?
True
Is 20537 a multiple of 11?
True
Is 26180 a multiple of 14?
True
Is 150 a multiple of 50?
True
Does 65 divide 1820?
True
Is 8 a factor of 536?
True
Is 15 a factor of 2278?
False
Is 17 a factor of 224?
False
Does 10 divide 3005?
False
Is 1038 a multiple of 28?
False
Does 7 divide 505?
False
Is 56 a factor of 8852?
False
Is 7 a factor of 54?
False
Is 101 a factor of 1919?
True
Does 24 divide 36029?
False
Is 30328 a multiple of 17?
True
Is 48 a factor of 2753?
False
Is 907 a multiple of 13?
False
Does 39 divide 2700?
False
Does 4 divide 327?
False
Is 609 a multiple of 87?
True
Is 11 a factor of 428?
False
Does 45 divide 1020?
False
Is 67156 a multiple of 73?
False
Does 12 divide 7575?
False
Is 7 a factor of 5807?
False
Is 4836 a multiple of 6?
True
Is 28450 a multiple of 23?
False
Is 7 a factor of 4684?
False
Is 112 a multiple of 3?
False
Is 15900 a multiple of 20?
True
Is 1634 a multiple of 21?
False
Is 1701 a multiple of 63?
True
Is 1107 a multiple of 27?
True
Is 66 a factor of 16986?
False
Is 16 a factor of 3060?
False
Is 50 a factor of 25900?
True
Does 44 divide 572?
True
Does 35 divide 443?
False
Is 52 a factor of 183?
False
Does 2 divide 50?
True
Does 129 divide 7869?
True
Is 278 a factor of 48094?
True
Is 3003 a multiple of 35?
False
Is 4 a factor of 24?
True
Does 13 divide 133107?
True
Does 11 divide 2299?
True
Is 26 a factor of 338?
True
Does 22 divide 968?
True
Is 35 a factor of 1454?
False
Is 13 a factor of 16550?
False
Does 104 divide 5244?
False
Is 600 a multiple of 8?
True
Does 38 divide 4218?
True
Is 4781 a multiple of 13?
False
Is 420 a multiple of 6?
True
Does 104 divide 5304?
True
Does 31 divide 495?
False
Is 60 a factor of 46478?
False
Is 5 a factor of 215?
True
Is 36 a multiple of 18?
True
Is 1536 a multiple of 12?
True
Is 5724 a multiple of 12?
True
Is 12275 a multiple of 4?
False
Is 3504 a multiple of 12?
True
Is 707 a multiple of 101?
True
Is 4 a factor of 513?
False
Is 3556 a multiple of 14?
True
Is 492 a multiple of 14?
False
Is 107 a factor of 1946?
False
Is 2130 a multiple of 30?
True
Is 20 a factor of 860?
True
Does 42 divide 1218?
True
Is 8 a factor of 936?
True
Is 11 a factor of 5033?
False
Is 149104 a multiple of 187?
False
Is 12987 a multiple of 19?
False
Is 3 a factor of 2534?
False
Is 5022 a multiple of 15?
False
Is 72 a multiple of 6?
True
Is 2571 a multiple of 28?
False
Is 15 a factor of 870?
True
Does 65 divide 18820?
False
Is 34 even?
True
Is 8 a factor of 384?
True
Is 20 a factor of 9440?
True
Is 2736 a multiple of 48?
True
Is 1751 a 